{"id":176,"date":"2025-12-09T18:09:46","date_gmt":"2025-12-09T18:09:46","guid":{"rendered":"https:\/\/notari-danvalericasiasociatii.ro\/?page_id=176"},"modified":"2026-01-12T09:53:29","modified_gmt":"2026-01-12T09:53:29","slug":"notar-sibiu-dan-valerica-manda-bogdan-toma-ionela","status":"publish","type":"page","link":"https:\/\/notari-danvalericasiasociatii.ro\/index.php\/de\/notar-sibiu-dan-valerica-manda-bogdan-toma-ionela\/","title":{"rendered":"Startseite"},"content":{"rendered":"\n<div class=\"wp-block-group alignfull has-ast-global-color-5-background-color has-background is-layout-constrained wp-container-core-group-is-layout-94d206d0 wp-block-group-is-layout-constrained\" id=\"desprenoi\" style=\"padding-top:143px;padding-bottom:144px\">\n<h1 class=\"wp-block-heading has-text-align-center\"><strong>Notarielle Berufsgesellschaft Valerica Dan und Partner<\/strong><\/h1>\n\n\n\n<hr class=\"wp-block-separator has-alpha-channel-opacity\"\/>\n\n\n\n<p><\/p>\n\n\n\n<h3 class=\"wp-block-heading has-text-align-center\"><strong>\u00d6ffentliche Notare:<\/strong><\/h3>\n\n\n\n<h3 class=\"wp-block-heading has-text-align-center\"><em>Valerica Dan<br>Manda Bogdan-Constantin<br>Toma Ionela-Laura<\/em><\/h3>\n<\/div>\n\n\n\n<div class=\"wp-block-group alignwide is-layout-constrained wp-block-group-is-layout-constrained\">\n<h3 class=\"wp-block-heading\"><strong>Willkommen!<\/strong><\/h3>\n\n\n\n<p>Das Notarb\u00fcro <em>Dan Valerica und Partner<\/em> bietet pers\u00f6nliche Unterst\u00fctzung und effiziente notarielle L\u00f6sungen.<\/p>\n\n\n\n<p>Unsere Mission ist es, schnelle, sichere und gesetzeskonforme notarielle Dienstleistungen anzubieten. Die Werte, die uns auszeichnen, sind Professionalit\u00e4t, Transparenz und Respekt gegen\u00fcber jedem einzelnen Klienten.<\/p>\n\n\n\n<p class=\"has-text-align-center\">Ganz gleich, ob Sie die Beglaubigung eines Dokuments, die Legalisierung von Unterlagen oder juristische Beratung ben\u00f6tigen \u2013 wir sind f\u00fcr Sie da. Wir freuen uns darauf, Sie in unserem B\u00fcro willkommen zu hei\u00dfen und gemeinsam die besten L\u00f6sungen f\u00fcr Ihre Bed\u00fcrfnisse zu finden!<\/p>\n<\/div>\n\n\n\n<div class=\"wp-block-group alignfull has-background is-layout-constrained wp-container-core-group-is-layout-45b0ac4f wp-block-group-is-layout-constrained\" id=\"servicii\" style=\"background-color:#f0f5fa;padding-top:144px;padding-bottom:0px\">\n<h3 class=\"wp-block-heading\">Unsere Dienstleistungen<\/h3>\n\n\n\n<div class=\"wp-block-columns is-layout-flex wp-container-core-columns-is-layout-60cbf9bb wp-block-columns-is-layout-flex\" style=\"margin-top:50px\">\n<div class=\"wp-block-column is-layout-flow wp-container-core-column-is-layout-6b73ce23 wp-block-column-is-layout-flow\">\n<figure class=\"wp-block-image aligncenter size-full\"><img loading=\"lazy\" decoding=\"async\" width=\"266\" height=\"170\" src=\"https:\/\/notari-danvalericasiasociatii.ro\/wp-content\/uploads\/2025\/03\/Screenshot-from-2025-03-06-19-36-53.png\" alt=\"\" class=\"wp-image-81\"\/><\/figure>\n\n\n\n<h4 class=\"wp-block-heading has-text-align-center\" style=\"margin-top:16px\">Vertr\u00e4ge<\/h4>\n\n\n\n<p class=\"has-text-align-center\">\u2705 <strong>Beglaubigung und Beurkundung von Dokumenten:<\/strong> Kaufvertr\u00e4ge, Erkl\u00e4rungen, Vollmachten, Testamente, Schenkungsvertr\u00e4ge, Mietvertr\u00e4ge, Immobilien-Hypothekenvertr\u00e4ge usw.<\/p>\n<\/div>\n\n\n\n<div class=\"wp-block-column is-layout-flow wp-container-core-column-is-layout-6b73ce23 wp-block-column-is-layout-flow\">\n<figure class=\"wp-block-image aligncenter size-full\"><img loading=\"lazy\" decoding=\"async\" width=\"266\" height=\"170\" src=\"https:\/\/notari-danvalericasiasociatii.ro\/wp-content\/uploads\/2025\/03\/Screenshot-from-2025-03-06-19-38-26.png\" alt=\"\" class=\"wp-image-82\"\/><\/figure>\n\n\n\n<h4 class=\"wp-block-heading has-text-align-center\" style=\"margin-top:16px\">Vollmachten<\/h4>\n\n\n\n<p class=\"has-text-align-center\">\u2705 Generalvollmachten und Spezialvollmachten f\u00fcr verschiedene Angelegenheiten.<\/p>\n\n\n\n<p class=\"has-text-align-center\">\u2705 Vollmacht f\u00fcr den Verkauf von Immobilien, Vollmacht f\u00fcr den Kauf von Immobilien, Verfahren zur Immobilienverwaltung.<\/p>\n<\/div>\n\n\n\n<div class=\"wp-block-column is-layout-flow wp-container-core-column-is-layout-6b73ce23 wp-block-column-is-layout-flow\">\n<figure class=\"wp-block-image aligncenter size-full\"><img loading=\"lazy\" decoding=\"async\" width=\"251\" height=\"166\" src=\"https:\/\/notari-danvalericasiasociatii.ro\/wp-content\/uploads\/2025\/03\/Screenshot-from-2025-03-06-19-39-17.png\" alt=\"\" class=\"wp-image-83\"\/><\/figure>\n\n\n\n<h4 class=\"wp-block-heading has-text-align-center\" style=\"margin-top:16px\">Notarielle Verfahren<\/h4>\n\n\n\n<p class=\"has-text-align-center\">\u2705 <strong>Dokumentenlegalisierung:<\/strong> beglaubigte Kopien, beeidigte\/amtlich anerkannte \u00dcbersetzungen.<br>\u2705 <strong>Erbsachen<\/strong> \u2013 Durchf\u00fchrung von Nachlassverfahren und Ausstellung von Erbscheinen.<br>(Note: <em>Erbschein<\/em> is the usual German legal term.)<br>\u2705 <strong>Vertr\u00e4ge<\/strong> \u2013 Erstellung und Beurkundung von zivil- und handelsrechtlichen Vertr\u00e4gen.<br>\u2705 <strong>Notarielle Beratung<\/strong> \u2013 Beratung und Unterst\u00fctzung bei allen notariellen Rechtsangelegenheiten<\/p>\n<\/div>\n<\/div>\n<\/div>\n\n\n\n<div class=\"wp-block-group alignfull has-white-background-color has-background is-layout-constrained wp-container-core-group-is-layout-3fee123f wp-block-group-is-layout-constrained\" id=\"desprenoi\" style=\"padding-top:144px;padding-bottom:144px\">\n<h3 class=\"wp-block-heading\">Warum uns w\u00e4hlen?<\/h3>\n\n\n\n<div class=\"wp-block-columns is-layout-flex wp-container-core-columns-is-layout-29aadeec wp-block-columns-is-layout-flex\" style=\"margin-top:60px\">\n<div class=\"wp-block-column is-layout-flow wp-container-core-column-is-layout-6b73ce23 wp-block-column-is-layout-flow\">\n<figure class=\"wp-block-image aligncenter size-large\"><img decoding=\"async\" src=\"https:\/\/opschedule.ro\/wp-content\/themes\/astra\/inc\/assets\/images\/starter-content\/passionate.svg\" alt=\"\" class=\"wp-image-162\"\/><\/figure>\n\n\n\n<h4 class=\"wp-block-heading\" style=\"margin-top:16px\">Professionalit\u00e4t<\/h4>\n\n\n\n<p>Wir behandeln jeden Fall mit Ernsthaftigkeit, Liebe zum Detail und fundierter juristischer Fachkenntnis.<\/p>\n<\/div>\n\n\n\n<div class=\"wp-block-column is-layout-flow wp-container-core-column-is-layout-6b73ce23 wp-block-column-is-layout-flow\">\n<figure class=\"wp-block-image aligncenter size-large\"><img decoding=\"async\" src=\"https:\/\/opschedule.ro\/wp-content\/themes\/astra\/inc\/assets\/images\/starter-content\/professional.svg\" alt=\"\" class=\"wp-image-163\"\/><\/figure>\n\n\n\n<h4 class=\"wp-block-heading\" style=\"margin-top:16px\">Transparenz<\/h4>\n\n\n\n<p>Wir erkl\u00e4ren jede Vorgehensweise klar und verst\u00e4ndlich, damit unsere Kunden stets gut informiert sind.<\/p>\n<\/div>\n\n\n\n<div class=\"wp-block-column is-layout-flow wp-container-core-column-is-layout-6b73ce23 wp-block-column-is-layout-flow\">\n<figure class=\"wp-block-image aligncenter size-large\"><img decoding=\"async\" src=\"https:\/\/opschedule.ro\/wp-content\/themes\/astra\/inc\/assets\/images\/starter-content\/support.svg\" alt=\"\" class=\"wp-image-164\"\/><\/figure>\n\n\n\n<h4 class=\"wp-block-heading\" style=\"margin-top:16px\">Integrit\u00e4t<\/h4>\n\n\n\n<p>Wir halten uns strikt an die Berufsethik und die Gesetzgebung und gew\u00e4hrleisten die Vertraulichkeit jedes Dokuments.<\/p>\n<\/div>\n<\/div>\n<\/div>\n","protected":false},"excerpt":{"rendered":"<p>Notarielle Berufsgesellschaft Valerica Dan und Partner \u00d6ffentliche Notare: Valerica DanManda Bogdan-ConstantinToma Ionela-Laura Willkommen! Das Notarb\u00fcro Dan Valerica und Partner bietet [&hellip;]<\/p>\n","protected":false},"author":1,"featured_media":0,"parent":0,"menu_order":0,"comment_status":"closed","ping_status":"closed","template":"","meta":{"site-sidebar-layout":"default","site-content-layout":"","ast-site-content-layout":"","site-content-style":"default","site-sidebar-style":"default","ast-global-header-display":"","ast-banner-title-visibility":"","ast-main-header-display":"","ast-hfb-above-header-display":"","ast-hfb-below-header-display":"","ast-hfb-mobile-header-display":"","site-post-title":"disabled","ast-breadcrumbs-content":"","ast-featured-img":"","footer-sml-layout":"","ast-disable-related-posts":"","theme-transparent-header-meta":"","adv-header-id-meta":"","stick-header-meta":"","header-above-stick-meta":"","header-main-stick-meta":"","header-below-stick-meta":"","astra-migrate-meta-layouts":"default","ast-page-background-enabled":"default","ast-page-background-meta":{"desktop":{"background-color":"var(--ast-global-color-5)","background-image":"","background-repeat":"repeat","background-position":"center center","background-size":"auto","background-attachment":"scroll","background-type":"","background-media":"","overlay-type":"","overlay-color":"","overlay-opacity":"","overlay-gradient":""},"tablet":{"background-color":"","background-image":"","background-repeat":"repeat","background-position":"center center","background-size":"auto","background-attachment":"scroll","background-type":"","background-media":"","overlay-type":"","overlay-color":"","overlay-opacity":"","overlay-gradient":""},"mobile":{"background-color":"","background-image":"","background-repeat":"repeat","background-position":"center center","background-size":"auto","background-attachment":"scroll","background-type":"","background-media":"","overlay-type":"","overlay-color":"","overlay-opacity":"","overlay-gradient":""}},"ast-content-background-meta":{"desktop":{"background-color":"var(--ast-global-color-4)","background-image":"","background-repeat":"repeat","background-position":"center center","background-size":"auto","background-attachment":"scroll","background-type":"","background-media":"","overlay-type":"","overlay-color":"","overlay-opacity":"","overlay-gradient":""},"tablet":{"background-color":"var(--ast-global-color-4)","background-image":"","background-repeat":"repeat","background-position":"center center","background-size":"auto","background-attachment":"scroll","background-type":"","background-media":"","overlay-type":"","overlay-color":"","overlay-opacity":"","overlay-gradient":""},"mobile":{"background-color":"var(--ast-global-color-4)","background-image":"","background-repeat":"repeat","background-position":"center center","background-size":"auto","background-attachment":"scroll","background-type":"","background-media":"","overlay-type":"","overlay-color":"","overlay-opacity":"","overlay-gradient":""}},"footnotes":""},"class_list":["post-176","page","type-page","status-publish","hentry"],"yoast_head":"<!-- This site is optimized with the Yoast SEO plugin v26.5 - https:\/\/yoast.com\/wordpress\/plugins\/seo\/ -->\n<title>Startseite -<\/title>\n<meta name=\"description\" content=\"Notariat Sibiu Dan Valerica und Partner Manda Bogdan Toma Ionela, Notare in Sibiu\" \/>\n<meta name=\"robots\" content=\"index, follow, max-snippet:-1, max-image-preview:large, max-video-preview:-1\" \/>\n<link rel=\"canonical\" href=\"https:\/\/notari-danvalericasiasociatii.ro\/index.php\/de\/notar-sibiu-dan-valerica-manda-bogdan-toma-ionela\/\" \/>\n<meta property=\"og:locale\" content=\"en_US\" \/>\n<meta property=\"og:type\" content=\"article\" \/>\n<meta property=\"og:title\" content=\"Startseite -\" \/>\n<meta property=\"og:description\" content=\"Notariat Sibiu Dan Valerica und Partner Manda Bogdan Toma Ionela, Notare in Sibiu\" \/>\n<meta property=\"og:url\" content=\"https:\/\/notari-danvalericasiasociatii.ro\/index.php\/de\/notar-sibiu-dan-valerica-manda-bogdan-toma-ionela\/\" \/>\n<meta property=\"article:modified_time\" content=\"2026-01-12T09:53:29+00:00\" \/>\n<meta property=\"og:image\" content=\"https:\/\/notari-danvalericasiasociatii.ro\/wp-content\/uploads\/2025\/03\/Screenshot-from-2025-03-06-19-36-53.png\" \/>\n\t<meta property=\"og:image:width\" content=\"266\" \/>\n\t<meta property=\"og:image:height\" content=\"170\" \/>\n\t<meta property=\"og:image:type\" content=\"image\/png\" \/>\n<meta name=\"twitter:card\" content=\"summary_large_image\" \/>\n<meta name=\"twitter:label1\" content=\"Est. reading time\" \/>\n\t<meta name=\"twitter:data1\" content=\"3 minutes\" \/>\n<script type=\"application\/ld+json\" class=\"yoast-schema-graph\">{\"@context\":\"https:\/\/schema.org\",\"@graph\":[{\"@type\":\"WebPage\",\"@id\":\"https:\/\/notari-danvalericasiasociatii.ro\/index.php\/de\/notar-sibiu-dan-valerica-manda-bogdan-toma-ionela\/\",\"url\":\"https:\/\/notari-danvalericasiasociatii.ro\/index.php\/de\/notar-sibiu-dan-valerica-manda-bogdan-toma-ionela\/\",\"name\":\"Startseite -\",\"isPartOf\":{\"@id\":\"https:\/\/notari-danvalericasiasociatii.ro\/#website\"},\"primaryImageOfPage\":{\"@id\":\"https:\/\/notari-danvalericasiasociatii.ro\/index.php\/de\/notar-sibiu-dan-valerica-manda-bogdan-toma-ionela\/#primaryimage\"},\"image\":{\"@id\":\"https:\/\/notari-danvalericasiasociatii.ro\/index.php\/de\/notar-sibiu-dan-valerica-manda-bogdan-toma-ionela\/#primaryimage\"},\"thumbnailUrl\":\"https:\/\/notari-danvalericasiasociatii.ro\/wp-content\/uploads\/2025\/03\/Screenshot-from-2025-03-06-19-36-53.png\",\"datePublished\":\"2025-12-09T18:09:46+00:00\",\"dateModified\":\"2026-01-12T09:53:29+00:00\",\"description\":\"Notariat Sibiu Dan Valerica und Partner Manda Bogdan Toma Ionela, Notare in Sibiu\",\"breadcrumb\":{\"@id\":\"https:\/\/notari-danvalericasiasociatii.ro\/index.php\/de\/notar-sibiu-dan-valerica-manda-bogdan-toma-ionela\/#breadcrumb\"},\"inLanguage\":\"en-US\",\"potentialAction\":[{\"@type\":\"ReadAction\",\"target\":[\"https:\/\/notari-danvalericasiasociatii.ro\/index.php\/de\/notar-sibiu-dan-valerica-manda-bogdan-toma-ionela\/\"]}]},{\"@type\":\"ImageObject\",\"inLanguage\":\"en-US\",\"@id\":\"https:\/\/notari-danvalericasiasociatii.ro\/index.php\/de\/notar-sibiu-dan-valerica-manda-bogdan-toma-ionela\/#primaryimage\",\"url\":\"https:\/\/notari-danvalericasiasociatii.ro\/wp-content\/uploads\/2025\/03\/Screenshot-from-2025-03-06-19-36-53.png\",\"contentUrl\":\"https:\/\/notari-danvalericasiasociatii.ro\/wp-content\/uploads\/2025\/03\/Screenshot-from-2025-03-06-19-36-53.png\",\"width\":266,\"height\":170},{\"@type\":\"BreadcrumbList\",\"@id\":\"https:\/\/notari-danvalericasiasociatii.ro\/index.php\/de\/notar-sibiu-dan-valerica-manda-bogdan-toma-ionela\/#breadcrumb\",\"itemListElement\":[{\"@type\":\"ListItem\",\"position\":1,\"name\":\"Home\",\"item\":\"https:\/\/notari-danvalericasiasociatii.ro\/\"},{\"@type\":\"ListItem\",\"position\":2,\"name\":\"Startseite\"}]},{\"@type\":\"WebSite\",\"@id\":\"https:\/\/notari-danvalericasiasociatii.ro\/#website\",\"url\":\"https:\/\/notari-danvalericasiasociatii.ro\/\",\"name\":\"\",\"description\":\"\",\"potentialAction\":[{\"@type\":\"SearchAction\",\"target\":{\"@type\":\"EntryPoint\",\"urlTemplate\":\"https:\/\/notari-danvalericasiasociatii.ro\/?s={search_term_string}\"},\"query-input\":{\"@type\":\"PropertyValueSpecification\",\"valueRequired\":true,\"valueName\":\"search_term_string\"}}],\"inLanguage\":\"en-US\"}]}<\/script>\n<!-- \/ Yoast SEO plugin. -->","yoast_head_json":{"title":"Startseite -","description":"Notariat Sibiu Dan Valerica und Partner Manda Bogdan Toma Ionela, Notare in Sibiu","robots":{"index":"index","follow":"follow","max-snippet":"max-snippet:-1","max-image-preview":"max-image-preview:large","max-video-preview":"max-video-preview:-1"},"canonical":"https:\/\/notari-danvalericasiasociatii.ro\/index.php\/de\/notar-sibiu-dan-valerica-manda-bogdan-toma-ionela\/","og_locale":"en_US","og_type":"article","og_title":"Startseite -","og_description":"Notariat Sibiu Dan Valerica und Partner Manda Bogdan Toma Ionela, Notare in Sibiu","og_url":"https:\/\/notari-danvalericasiasociatii.ro\/index.php\/de\/notar-sibiu-dan-valerica-manda-bogdan-toma-ionela\/","article_modified_time":"2026-01-12T09:53:29+00:00","og_image":[{"width":266,"height":170,"url":"https:\/\/notari-danvalericasiasociatii.ro\/wp-content\/uploads\/2025\/03\/Screenshot-from-2025-03-06-19-36-53.png","type":"image\/png"}],"twitter_card":"summary_large_image","twitter_misc":{"Est. reading time":"3 minutes"},"schema":{"@context":"https:\/\/schema.org","@graph":[{"@type":"WebPage","@id":"https:\/\/notari-danvalericasiasociatii.ro\/index.php\/de\/notar-sibiu-dan-valerica-manda-bogdan-toma-ionela\/","url":"https:\/\/notari-danvalericasiasociatii.ro\/index.php\/de\/notar-sibiu-dan-valerica-manda-bogdan-toma-ionela\/","name":"Startseite -","isPartOf":{"@id":"https:\/\/notari-danvalericasiasociatii.ro\/#website"},"primaryImageOfPage":{"@id":"https:\/\/notari-danvalericasiasociatii.ro\/index.php\/de\/notar-sibiu-dan-valerica-manda-bogdan-toma-ionela\/#primaryimage"},"image":{"@id":"https:\/\/notari-danvalericasiasociatii.ro\/index.php\/de\/notar-sibiu-dan-valerica-manda-bogdan-toma-ionela\/#primaryimage"},"thumbnailUrl":"https:\/\/notari-danvalericasiasociatii.ro\/wp-content\/uploads\/2025\/03\/Screenshot-from-2025-03-06-19-36-53.png","datePublished":"2025-12-09T18:09:46+00:00","dateModified":"2026-01-12T09:53:29+00:00","description":"Notariat Sibiu Dan Valerica und Partner Manda Bogdan Toma Ionela, Notare in Sibiu","breadcrumb":{"@id":"https:\/\/notari-danvalericasiasociatii.ro\/index.php\/de\/notar-sibiu-dan-valerica-manda-bogdan-toma-ionela\/#breadcrumb"},"inLanguage":"en-US","potentialAction":[{"@type":"ReadAction","target":["https:\/\/notari-danvalericasiasociatii.ro\/index.php\/de\/notar-sibiu-dan-valerica-manda-bogdan-toma-ionela\/"]}]},{"@type":"ImageObject","inLanguage":"en-US","@id":"https:\/\/notari-danvalericasiasociatii.ro\/index.php\/de\/notar-sibiu-dan-valerica-manda-bogdan-toma-ionela\/#primaryimage","url":"https:\/\/notari-danvalericasiasociatii.ro\/wp-content\/uploads\/2025\/03\/Screenshot-from-2025-03-06-19-36-53.png","contentUrl":"https:\/\/notari-danvalericasiasociatii.ro\/wp-content\/uploads\/2025\/03\/Screenshot-from-2025-03-06-19-36-53.png","width":266,"height":170},{"@type":"BreadcrumbList","@id":"https:\/\/notari-danvalericasiasociatii.ro\/index.php\/de\/notar-sibiu-dan-valerica-manda-bogdan-toma-ionela\/#breadcrumb","itemListElement":[{"@type":"ListItem","position":1,"name":"Home","item":"https:\/\/notari-danvalericasiasociatii.ro\/"},{"@type":"ListItem","position":2,"name":"Startseite"}]},{"@type":"WebSite","@id":"https:\/\/notari-danvalericasiasociatii.ro\/#website","url":"https:\/\/notari-danvalericasiasociatii.ro\/","name":"","description":"","potentialAction":[{"@type":"SearchAction","target":{"@type":"EntryPoint","urlTemplate":"https:\/\/notari-danvalericasiasociatii.ro\/?s={search_term_string}"},"query-input":{"@type":"PropertyValueSpecification","valueRequired":true,"valueName":"search_term_string"}}],"inLanguage":"en-US"}]}},"_links":{"self":[{"href":"https:\/\/notari-danvalericasiasociatii.ro\/index.php\/wp-json\/wp\/v2\/pages\/176","targetHints":{"allow":["GET"]}}],"collection":[{"href":"https:\/\/notari-danvalericasiasociatii.ro\/index.php\/wp-json\/wp\/v2\/pages"}],"about":[{"href":"https:\/\/notari-danvalericasiasociatii.ro\/index.php\/wp-json\/wp\/v2\/types\/page"}],"author":[{"embeddable":true,"href":"https:\/\/notari-danvalericasiasociatii.ro\/index.php\/wp-json\/wp\/v2\/users\/1"}],"replies":[{"embeddable":true,"href":"https:\/\/notari-danvalericasiasociatii.ro\/index.php\/wp-json\/wp\/v2\/comments?post=176"}],"version-history":[{"count":15,"href":"https:\/\/notari-danvalericasiasociatii.ro\/index.php\/wp-json\/wp\/v2\/pages\/176\/revisions"}],"predecessor-version":[{"id":403,"href":"https:\/\/notari-danvalericasiasociatii.ro\/index.php\/wp-json\/wp\/v2\/pages\/176\/revisions\/403"}],"wp:attachment":[{"href":"https:\/\/notari-danvalericasiasociatii.ro\/index.php\/wp-json\/wp\/v2\/media?parent=176"}],"curies":[{"name":"wp","href":"https:\/\/api.w.org\/{rel}","templated":true}]}}